 g = 84 + c. Suppose -g = -2*s + 22. Is s a multiple of 2?
True
Let s = -4189 + 7005. Is 32 a factor of s?
True
Let n = -88 + 156. Let f = n + 73. Is 47 a factor of f?
True
Suppose -k - 12290 + 36040 = 2*r, -5*k - r + 118705 = 0. Does 10 divide k?
True
Let p(v) = -63*v + 34. Let j be p(-8). Let a = -328 + j. Is a a multiple of 13?
False
Suppose -1008*g + 977*g = -213900. Is 15 a factor of g?
True
Suppose 4*u - g = 3979, -u + 38*g + 997 = 40*g. Is u a multiple of 2?
False
Let x(n) = -6*n + 2*n**2 + 38*n + 8 - 2*n. Let h(q) = q**2 + 15*q + 4. Let i(f) = 5*h(f) - 3*x(f). Does 8 divide i(-11)?
True
Let o(r) = -r**3 - 29*r**2 + 31*r + 31. Let j be o(-30). Is 313 - (j + 0)*-7 a multiple of 17?
False
Suppose 0*d - 2*d + 124 = 2*g, 0 = -2*d - 10. Let c = 419 - g. Is 16 a factor of c?
True
Let w = -716 - -721. Suppose 2515 = 3*a - 4*t, -8*a + w*t = -12*a + 3343. Is a a multiple of 64?
False
Let y(q) = 14*q**2 - 27*q + 100. Let w(o) = -5*o**2 + 9*o - 33. Let m(c) = 17*w(c) + 6*y(c). Let p be m(-12). Suppose -67 = -p*s + 182. Does 4 divide s?
False
Suppose 0 = -a - 4*o + 7, 16*o = -a + 14*o - 5. Let w(v) = -v + 1. Let q be w(0). Let l = q - a. Is l a multiple of 9?
True
Suppose 96*h + 207428 - 900548 = 0. Does 42 divide h?
False
Let s(l) = -422*l - 1440. Is 110 a factor of s(-22)?
False
Suppose -51*c + 56*c - 46930 = 0. Is 13 a factor of c?
True
Let d(o) = 2*o**3 - 9*o**2 + 8*o - 14. Let n be d(6). Suppose 4*v - 2*h = 2814, 0 = -3*v + h + n + 1970. Is v a multiple of 37?
False
Let j be 28/3*36/14. Let y be 3*4/(j/10). Does 24 divide 120/4*y/(50/24)?
True
Suppose -3*l = -26*t + 21*t - 1406, -940 = -2*l + 4*t. Is 11 a factor of l?
True
Let c(u) = 19*u**2 - 41*u - 467. Is c(-10) a multiple of 2?
False
Suppose -r + 12 = -4*v, 3*r = 4*r + 3*v + 9. Suppose r = -z - 0*z + 2. Does 8 divide (z - -1)*80/15?
True
Let o(d) = 4*d**3 + d**2 - d - 1. Let y be o(-1). Is 162 + -3 + y/1 a multiple of 13?
True
Suppose -4*s = -191 - 37. Let n = 122 + -47. Let l = n - s. Is l a multiple of 3?
True
Let z = -7683 - -9333. Is z a multiple of 66?
True
Let b = 4477 - -1918. Does 22 divide b?
False
Let n = -35 + 41. Suppose -14*p + 15*p = -n. Is 93 + p/(-2) + -4 a multiple of 23?
True
Let g(v) = 3*v - 21. Let l(p) = 6*p - 78. Let u be l(16). Does 3 divide g(u)?
True
Let y be (-1 + 2)/2*-18. Let x(q) = q**2 + 12*q + 27. Let z be x(y). Does 13 divide 4 + -5 + z + 15*11?
False
Let f(l) = -l**3 - 11*l**2 - 9*l + 2. Let p be f(-10). Let m be (2 + -4)/(p/232). Let u = 129 - m. Is u a multiple of 43?
False
Suppose 2*s = 3*k - 2287, -16*k + 4*s + 3044 = -12*k. Suppose 23*n - 6*n = k. Is 5 a factor of n?
True
Let a = 75 - 182. Let x = a + 254. Suppose 3*l - 253 = -2*k, -4*l + 5*k = -175 - x. Is l a multiple of 12?
False
Let y(u) = u + 18. Suppose -3*n + 60 = -3*r, -2*n + 47 + 8 = -3*r. Let k be y(r). Suppose -168 = -k*c - c. Is 17 a factor of c?
False
Suppose 2*c - 4*f = -f + 188, c + 2*f - 108 = 0. Suppose -c + 542 = w. Is w a multiple of 17?
True
Suppose -167*x = 3*d - 172*x - 3754, 4 = -2*x. Does 13 divide d?
True
Let g = -3816 + 7368. Is 16 a factor of g?
True
Suppose -55*f - 3386 = -45186. Is 5 a factor of f?
True
Let l(a) = 31*a + 72. Let i be l(4). Let b = 208 + i. Is 10 a factor of b?
False
Suppose i - 5*y = -y + 81, y = -2*i + 153. Let x = -63 + i. Is x a multiple of 2?
True
Let b = 133 + -131. Suppose 0 = -5*q - b*w - 226, -q + 2*q = -4*w - 38. Let s = q + 172. Does 9 divide s?
True
Let k be (40 - -2)*4/12. Suppose -u + k = -13. Let i = -18 + u. Is i a multiple of 7?
False
Let m = 4976 + -4728. Let o be 129*(2 + (-30)/9). Let b = m + o. Does 19 divide b?
True
Let b(a) = 180*a - 3573. Is 15 a factor of b(42)?
False
Let v = -2276 + 1615. Let x = v + 1424. Does 72 divide x?
False
Suppose -14*r = 363 + 295. Let j = 412 - r. Does 27 divide j?
True
Let i(y) = y**2 + 2*y + 15. Let c(x) = 7*x**2 + 4*x - 2. Let u be c(-2). Suppose -20*r - 16 = -u*r. Is 7 a factor of i(r)?
True
Suppose -4*w = -3*r - 364, r - 5*r + w - 507 = 0. Let h = 266 + r. Suppose 13*y + h = 19*y. Does 22 divide y?
False
Let g = 55 + -131. Let d = -74 - g. Let b = 5 + d. Is 2 a factor of b?
False
Let t(s) be the first derivative of 9*s**2/2 - 10*s + 38. Suppose 11 + 1 = 3*w. Is t(w) a multiple of 9?
False
Let b be -82*2*(-3)/12. Let h = b - 36. Suppose 4*s - h*f = 204, 4*s + 4*f - 155 = 85. Is 12 a factor of s?
False
Let w(v) = 5*v**2 - 18*v - 55. Let f(b) = 6*b**2 - 17*b - 56. Let x(d) = 4*f(d) - 5*w(d). Is 12 a factor of x(21)?
True
Suppose 4*f + 248576 = 4*b, -210*f = -b - 206*f + 62171. Is b a multiple of 43?
True
Suppose -32 = -2*a + 3*v - 18, -5*a + 12 = 4*v. Suppose a*j = 2*b - 896, b + b + 2*j - 872 = 0. Does 20 divide b?
True
Let p = 13350 - -7650. Suppose -23*s + p = 19*s. Is 15 a factor of s?
False
Let z be 0 - -3 - (-6)/(-3) - 3816. Let x be 5 - z/10 - 2/4. Suppose 0 = 4*l - 162 - x. Does 8 divide l?
False
Let z(n) = n**2 - 134*n + 3732. Is 7 a factor of z(131)?
True
Is 38 a factor of (-36)/3 - 95288/(-43)?
True
Suppose -371*i + 133956 = -359*i. Is 161 a factor of i?
False
Suppose 2*p + 2*h - 3*h = 182, 0 = 3*p + 3*h - 282. Suppose -4*y - z + 2*z = -p, -z = -5*y + 115. Is 7 a factor of y?
False
Let j = 4030 + -2766. Suppose 2*x + 11*n - j = 13*n, -x - 5*n + 602 = 0. Is x a multiple of 26?
False
Suppose x + 21*u - 7856 = 20*u, 7840 = x - u. Is x a multiple of 18?
True
Let n = -46466 - -80784. Is n a multiple of 133?
False
Let j be 1 - (-4 - -150 - -3). Let a = j - -207. Let p = -35 + a. Is p a multiple of 8?
True
Suppose 0 = 5*j + 5*k - 95, -2*k = -9*j + 5*j + 106. Suppose 8*s - j = 7*s. Does 3 divide s*((-80)/(-12))/5?
False
Suppose -12*y + 6477 = 5*y. Let r = y + -237. Is r a multiple of 24?
True
Let x = 1754 - -3810. Is x a multiple of 52?
True
Let h(s) = -3*s**3 - 7*s - 2 + 2*s**3 + 0 + 0*s**3 - 3*s**2. Is h(-3) a multiple of 4?
False
Let k = -1275 + 2068. Suppose -6*t + k = -911. Does 27 divide t?
False
Let q(n) = -3*n + 6 + 9 + 3*n + 5 - 4*n. Is 20 a factor of q(-5)?
True
Let v(x) = -2*x**3 - 8*x**2 + 4*x - 8. Let i be v(-6). Let a(t) = -8*t**2 - 4*t. Let y be a(3). Is 4 a factor of i/y*(-45)/2?
False
Is (-696)/(-928) - 22621/(-4) a multiple of 26?
False
Let x(j) = 497*j - 20. Let q = 21 - 19. Let f be x(q). Suppose 7*m - f + 155 = 0. Is 12 a factor of m?
False
Suppose -23*c - 14520 = -28*c + 5*f, 2*f - 6 = 0. Suppose -407*t + 398*t = -c. Is 56 a factor of t?
False
Let c(q) = q**3 - 12*q**2 + 62*q + 40. Let j be c(20). Suppose -2054 - j = -33*g. Is g a multiple of 6?
True
Let c = -9263 + 14223. Does 32 divide c?
True
Let h = 58 + -58. Let l(g) = -g**2 - g + 403. Is 31 a factor of l(h)?
True
Let l be 95 + 2*(3 + -4). Suppose -15*j + 42 = -l. Suppose -j = -g + 43. Is 4 a factor of g?
True
Let u = -3015 + 3366. Is 9 a factor of u?
True
Let d be ((-5)/2)/((-6)/(-12)). Let v(t) = -t**3 - 4*t**2 + 4*t + 1. Let i be v(d). Suppose 0 = -4*l + i*l - 134. Is l a multiple of 8?
False
Let m be 4/24 + 2506/12. Let k = -124 + m. Is k a multiple of 5?
True
Let w(k) = k**2 - 12*k + 21. Let m be w(10). Suppose -5*i = -5*p - 160, -5*p - 4*i - 132 = -2*i. Is 4 a factor of -1*(-5 + p) + (-3 - m)?
False
Suppose -4*q = 797 + 567. Let b = q - -759. Is b a multiple of 19?
True
Let g = -15097 + 25560. Is 26 a factor of g?
False
Suppose 7*d - 13*d = 210. Let u = 19 - d. Is u a multiple of 32?
False
Suppose -x - 5*s = -6260, 353*x + s = 357*x - 25166. Is x a multiple of 85?
True
Suppose -6*a + 31 = 1. Suppose p + a = c, -3*c - 5*p = -0*c - 55. Suppose r - 26 = -r - 5*x, r + x = c. Is 2 a factor of r?
True
Let a(w) = -w + 11. Let f be a(-4). Suppose -21*c = -20*c - f. Is c a multiple of 7?
False
Let o = -3 - -33. Is (340/o)/(2/24) a multiple of 22?
False
Suppose -20*a + 6*a + 49644 = -66934. Is 11 a factor of a?
True
Let u(a) = -104*a + 204. Let p be u(10). Let w = 1134 + p. Does 10 divide w?
False
Suppose 4*b + 590 = -d + 16, b = -4*d - 136. Let i = 53 + b. Does 15 divide (i/14)/(-13) - (-29)/2?
True
Let d(s) = 5*s**3 + 13*s**2 - 42*s + 380. Does 28 divide d(12)?
True
Let w be (-46)/69 + 1/(-3)*-2. Suppose 2*q - 70 = -2*k - w*q, 169 = 5*k + 2*q. Suppose -l = 3*y - k, 33 = 3*l + 2*y - 45. Does 24 divide l?
True
Let m = -606 - -736. Let w = m + -14. Is 29 a factor of w?
True
Let l = -550 + 1028. Suppose 14 = -4*i + l. Is i a m